{"id":4255,"date":"2012-12-01T16:15:02","date_gmt":"2012-12-01T15:15:02","guid":{"rendered":"http:\/\/www.chavinandez.com\/blog\/wp-content\/uploads\/2012\/06\/Vine-Growing138.jpg"},"modified":"2012-12-01T16:15:02","modified_gmt":"2012-12-01T15:15:02","slug":"vine-growing138","status":"inherit","type":"attachment","link":"https:\/\/www.chavinandez.com\/blog\/diseno-publicidad-on-line\/vine-growing138\/","title":{"rendered":"Vine-Growing138"},"author":1,"featured_media":0,"comment_status":"open","ping_status":"closed","template":"","meta":[],"class_list":["post-4255","attachment","type-attachment","status-inherit","hentry","column","threecol"],"description":{"rendered":"<p class=\"attachment\"><a rel='attachment' href='https:\/\/www.chavinandez.com\/blog\/wp-content\/uploads\/2012\/06\/Vine-Growing138.jpg'><img loading=\"lazy\" decoding=\"async\" width=\"451\" height=\"300\" src=\"https:\/\/www.chavinandez.com\/blog\/wp-content\/uploads\/2012\/06\/Vine-Growing138-451x300.jpg\" class=\"attachment-medium size-medium\" alt=\"\" srcset=\"https:\/\/www.chavinandez.com\/blog\/wp-content\/uploads\/2012\/06\/Vine-Growing138-451x300.jpg 451w, https:\/\/www.chavinandez.com\/blog\/wp-content\/uploads\/2012\/06\/Vine-Growing138-200x132.jpg 200w, https:\/\/www.chavinandez.com\/blog\/wp-content\/uploads\/2012\/06\/Vine-Growing138.jpg 500w\" sizes=\"auto, (max-width: 451px) 100vw, 451px\" \/><\/a><\/p>\n<p>La vendimia en la zona de Cari\u00f1ena est\u00e1 pr\u00f3xima. A mediados de septiembre las uvas ser\u00e1n recogidas. Cari\u00f1ena, Zaragoza, Espa\u00f1a.<\/p>\n"},"caption":{"rendered":"<p>La vendimia en la zona de Cari\u00f1ena est\u00e1 pr\u00f3xima. A mediados de septiembre las uvas ser\u00e1n recogidas. Cari\u00f1ena, Zaragoza, Espa\u00f1a.<\/p>\n"},"alt_text":"","media_type":"image","mime_type":"image\/jpeg","media_details":{"width":"500","height":"332","hwstring_small":"height='84' width='128'","file":"2012\/06\/Vine-Growing138.jpg","sizes":{"thumbnail":{"file":"Vine-Growing138-200x132.jpg","width":"200","height":"132","source_url":"https:\/\/www.chavinandez.com\/blog\/wp-content\/uploads\/2012\/06\/Vine-Growing138-200x132.jpg"},"medium":{"file":"Vine-Growing138-451x300.jpg","width":"451","height":"300","source_url":"https:\/\/www.chavinandez.com\/blog\/wp-content\/uploads\/2012\/06\/Vine-Growing138-451x300.jpg"},"full":{"file":"Vine-Growing138.jpg","width":500,"height":332,"mime_type":"image\/jpeg","source_url":"https:\/\/www.chavinandez.com\/blog\/wp-content\/uploads\/2012\/06\/Vine-Growing138.jpg"}},"image_meta":{"aperture":"0","credit":"AGEFOTOSTOCK","camera":"","caption":"La vendimia en la zona de Cari\u00f1ena est\u00e1 pr\u00f3xima. A mediados de septiembre las uvas ser\u00e1n recogidas. Cari\u00f1ena, Zaragoza, Espa\u00f1a.","created_timestamp":"0","copyright":"F.J.F.Bordonada-AGEFOTOSTOCK","focal_length":"0","iso":"0","shutter_speed":"0","title":""}},"post":4066,"source_url":"https:\/\/www.chavinandez.com\/blog\/wp-content\/uploads\/2012\/06\/Vine-Growing138.jpg","_links":{"self":[{"href":"https:\/\/www.chavinandez.com\/blog\/wp-json\/wp\/v2\/media\/4255","targetHints":{"allow":["GET"]}}],"collection":[{"href":"https:\/\/www.chavinandez.com\/blog\/wp-json\/wp\/v2\/media"}],"about":[{"href":"https:\/\/www.chavinandez.com\/blog\/wp-json\/wp\/v2\/types\/attachment"}],"author":[{"embeddable":true,"href":"https:\/\/www.chavinandez.com\/blog\/wp-json\/wp\/v2\/users\/1"}],"replies":[{"embeddable":true,"href":"https:\/\/www.chavinandez.com\/blog\/wp-json\/wp\/v2\/comments?post=4255"}],"wp:attached-to":[{"embeddable":true,"post_type":"page","id":4066,"href":"https:\/\/www.chavinandez.com\/blog\/wp-json\/wp\/v2\/pages\/4066"}],"curies":[{"name":"wp","href":"https:\/\/api.w.org\/{rel}","templated":true}]}}

<p class="attachment"><a rel='attachment' href='https://www.chavinandez.com/blog/wp-content/uploads/2012/06/Vine-Growing138.jpg'><img loading="lazy" decoding="async" width="451" height="300" src="https://www.chavinandez.com/blog/wp-content/uploads/2012/06/Vine-Growing138-451x300.jpg" class="attachment-medium size-medium" alt="" srcset="https://www.chavinandez.com/blog/wp-content/uploads/2012/06/Vine-Growing138-451x300.jpg 451w, https://www.chavinandez.com/blog/wp-content/uploads/2012/06/Vine-Growing138-200x132.jpg 200w, https://www.chavinandez.com/blog/wp-content/uploads/2012/06/Vine-Growing138.jpg 500w" sizes="auto, (max-width: 451px) 100vw, 451px" /></a></p>
<p>La vendimia en la zona de Cariñena está próxima. A mediados de septiembre las uvas serán recogidas. Cariñena, Zaragoza, España.</p>

<p>La vendimia en la zona de Cariñena está próxima. A mediados de septiembre las uvas serán recogidas. Cariñena, Zaragoza, España.</p>

La vendimia en la zona de Cariñena está próxima. A mediados de septiembre las uvas serán recogidas. Cariñena, Zaragoza, España.
